emainder when 27 is divided by (-41)/x + (-5)/v.
13
Let p(t) = t**3 - 4*t**2 + 4*t. Let c be p(3). Suppose -r = -2*r + c. What is the remainder when 3/(14/(-10) - -2) is divided by r?
2
Let z be (2 + 26)*(0 + 4/8). Suppose 0 = z*k - 9*k - 185. Calculate the remainder when k is divided by 13.
11
Let w(m) = 7*m**2 - 5*m + 5. What is the remainder when (-44)/8*-2*1 is divided by w(1)?
4
Let l = 2 + 58. Let i be ((-2)/(-8))/(3/l). Suppose y = 3*j - 6 - 5, i*y = -3*j + 17. Calculate the remainder when 13 is divided by j.
1
Suppose -2553 + 4281 = 8*d. What is the remainder when d is divided by 25?
16
Let s be 6/5*(-200)/(-12). Suppose -6*l = -5*l - s. Let g = -9 - -20. Calculate the remainder when l is divided by g.
9
Suppose -123*p + 596 = -119*p. Calculate the remainder when p is divided by 48.
5
Suppose 2*f - 392 = 3*a, -5*f - 4*a + 588 = -346. Calculate the remainder when f is divided by 64.
62
Let q(d) = -5*d + 13. Let s be q(11). Let i = 111 + s. What is the remainder when i is divided by 9?
6
Let i(t) = 11*t**2 + 5*t + 26. What is the remainder when i(-3) is divided by 3?
2
Let a = -223 + 233. Calculate the remainder when a is divided by 6.
4
Suppose 52 = -p + 3*p. Suppose 0 = -340*f + 364*f - 408. What is the remainder when p is divided by f?
9
Calculate the remainder when (702/26)/(1/4) is divided by 22.
20
Let v(t) = -3*t + 7. Let k be v(-3). Suppose 0 = -0*c - c + k. What is the remainder when 47 is divided by c?
15
Suppose 0 = 68*n - 72*n - 5*w + 40, -5 = -5*n + 5*w. Let g(p) = p**3 + 8*p**2 + 4*p - 1. Calculate the remainder when g(-3) is divided by n.
2
Let c be ((-1)/(-2))/(1/4). Let x(y) = 2*y + 91 - 95 + y + y**c. Calculate the remainder when 38 is divided by x(-6).
10
Suppose y + 42*g - 3 = 38*g, 3*y = -4*g + 57. Let c(t) = -132*t**3 + t**2 - t - 1. What is the remainder when c(-1) is divided by y?
25
Let w(i) = 66*i**2 + 2*i. Let k(a) = -67*a**2 - 3*a. Let d(b) = 3*k(b) + 4*w(b). Calculate the remainder when d(1) is divided by 21.
20
Suppose 74*i - 89*i + 525 = 0. Calculate the remainder when i is divided by 18.
17
Let v(t) = t**2 - 31*t + 200. What is the remainder when 317 is divided by v(7)?
29
Suppose -2*s + 4*s + 30 = 5*p, 3*s = -4*p + 1. Suppose 0 = -2*l + 4, p*x - 3*l - 178 - 36 = 0. Calculate the remainder when x is divided by 15.
10
Suppose -i + 24 + 0 = 0. Let c = i - -20. What is the remainder when c is divided by 16?
12
Let i(n) = 32*n - 2. What is the remainder when i(2) is divided by 18*(-21)/378*(1 + (-22 - 0))?
20
Suppose -4*p + 27 = 3*i, 7*i + 15 = 2*i. Suppose -3*o + p = 3. Suppose o*s = 2*a - 153 - 51, 0 = 3*a - 5*s - 312. What is the remainder when a is divided by 25?
24
Let r(m) = m**2 - m + 2. Let a be r(2). Let k(j) = -j**3 + 6*j**2 - 5. What is the remainder when k(a) is divided by 7?
6
Suppose 4*q + 36 = 16*q. Suppose -q*o - 21 = -4*z, -2*z - o + 0 + 3 = 0. Calculate the remainder when 24 is divided by z.
0
Suppose -56*f - 3*y = -55*f - 92, -2*y = -5*f + 409. What is the remainder when f is divided by 56?
27
Suppose -s - y + 6*y = -23, -4*y = -12. What is the remainder when (3 + -4 + 4)/(2/s) is divided by 15?
12
Suppose 3*l + 4*v = 727, -5*v - 1021 = -3*l - l. What is the remainder when l is divided by 119?
11
Suppose 10 = -q + 6*q, 2*x - 118 = -4*q. Calculate the remainder when x is divided by 7.
6
Suppose -4*r - 4 + 28 = 2*s, 0 = s + 3*r - 9. Suppose -4*c = 9*c - 2210. Let b = -117 + c. Calculate the remainder when b is divided by s.
17
Let l(h) = 12*h - 4. Let k be l(-3). Let w = 94 + k. Suppose -o + w = b + b, 3*b - 83 = -2*o. What is the remainder when 47 is divided by b?
22
Suppose -51 = -4*t + 25. Let a be (0 - 0/1) + 5. Suppose -a*c = 4*k - 134, -k + c + 19 = -t. Calculate the remainder when k is divided by 19.
17
Let z be (366/(-18))/(((-1)/3)/(-1)). Let w = 73 + z. What is the remainder when 47 is divided by w?
11
Suppose 2*h + 70 = 142. What is the remainder when 67 is divided by h?
31
Let q(j) = 3*j**3 - 3*j**2 + 2. Let u(d) = -54*d**3 - d**2 - 2*d - 2. Let b be 1 + 1 + (4 - 7). What is the remainder when u(b) is divided by q(2)?
11
Let b(w) = -2*w**2 - 64*w + 43. What is the remainder when 85 is divided by b(-32)?
42
Let m = 50 - 21. Suppose j - a = 17, 37*a - 35*a = 4*j - 66. What is the remainder when m is divided by j?
13
Suppose 4*s - 6*s + 3*u = -18, -18 = -4*s - 3*u. What is the remainder when -3*1/s*-158 is divided by ((-15)/4)/((-6)/32)?
19
Suppose -4*p - 4 = 0, 46*r + 2*p + 378 = 50*r. What is the remainder when r is divided by 22?
6
Let a(x) = x**3 + 15*x**2 + 14*x + 3. Let p be a(-14). Suppose 0 = 4*d - 13 - 7, 0 = p*k - 2*d - 95. What is the remainder when k is divided by 18?
17
Let g(v) = -18*v**2 + 7*v - 24. Let s be g(8). Calculate the remainder when 1*6/(-27) - s/18 is divided by 23.
16
Suppose 0 = 4*k + 5*w - 213, 0 = -2*w - 14 + 24. Calculate the remainder when k is divided by 16.
15
Let h(m) = 3*m + 1. Let f = -12 + 11. What is the remainder when h(2) is divided by 0 + 4 + f + 2?
2
Let z be 3/(2*(-15)/(-20)). Let i = -53 - -76. Calculate the remainder when i is divided by 7 + (-3 + z - -2).
7
Suppose 0 = -m + 5*n + 32, 10*m - 14*m = 4*n - 80. What is the remainder when 526 is divided by m?
20
Let u(v) = -5 + 12*v**2 + 9 + 15 + 6 + 12*v + v**3. What is the remainder when 37 is divided by u(-11)?
9
Calculate the remainder when 379 is divided by ((-25)/(-10))/((-3)/(-6)).
4
Calculate the remainder when 22 is divided by ((-144)/(-20) - 4/20) + -4.
1
Let h = 76 - 61. What is the remainder when 58*(7/(-2) - -4) is divided by h?
14
Let v(b) = 1 + 1 + 0*b + b + 3*b. Suppose 3*o = 5*l + 2, -24 = -2*o - 2*o - 4*l. Calculate the remainder when v(1) is divided by o.
2
Let x(i) = i**2 - 5*i. Let m be x(6). Suppose 0 = 5*y + 4 + m. Let c(g) = g**3 + 3*g**2 - 4*g - 3. Calculate the remainder when 25 is divided by c(y).
7
Let i = -395 + 428. What is the remainder when i is divided by 4?
1
Suppose 0*n + n + 30 = 2*p, -4*p + n = -58. Calculate the remainder when -1 + 24 - (-4)/2 is divided by p.
11
Let g = 36 - 0. Suppose 0 = 5*z + 2*s - g, 0 = -2*z + 3*z - 5*s + 9. What is the remainder when 10 is divided by z?
4
Let b = 325 - 208. Let n = -46 + b. What is the remainder when n is divided by 37?
34
Let d(c) = 15*c**2 - 3*c + 2. Calculate the remainder when 82 is divided by d(1).
12
Let m(j) = 2*j**2 - j + 40. Let u be m(8). Let r = u - 107. Calculate the remainder when r is divided by 11.
9
Suppose 0 = 27*p - 23*p - 40. Suppose -1 + p = 3*m. Suppose -4*w - w = u - 52, -2*u = -4*w + 36. What is the remainder when w is divided by m?
1
Let n = 959 - 942. What is the remainder when 207 is divided by n?
3
Let c(s) = 2*s**2 - 5*s + 4. Let r = -105 - -205. Let x be -3 - 0 - r/(-10). What is the remainder when c(x) is divided by 23?
21
Let c = -8 - 21. Let s be (-4 - 0 - 0)*4. Let n = s - c. What is the remainder when n is divided by 4?
1
What is the remainder when 114 is divided by 47*((-32)/4)/(-8)?
20
Suppose 10*m - 1020 - 1070 = 0. Calculate the remainder when m is divided by 30.
29
Let a = -1161 + 1175. Calculate the remainder when 307 is divided by a.
13
Suppose 16 = -6*w + 388. Suppose 3*k + k = -o + 6, w = 3*o + k. What is the remainder when o is divided by 8?
6
Let y = 12 - 12. Suppose 7*a - 11*a + 36 = y. Calculate the remainder when 17 is divided by a.
8
Suppose -8 = -4*m, -3*m = 29*i - 26*i - 108. Calculate the remainder when 49 is divided by i.
15
What is the remainder when (-291)/485 + (-5988)/(-5) is divided by 12?
9
Let z = 21 - 19. What is the remainder when 4 is divided by z + (-3 - -3)/(-1)?
0
Suppose 12 + 4 = 4*w. Suppose -4*x + 5*c = -223, c = w*x + 88 - 299. Calculate the remainder when x is divided by 14.
10
Let i = -85 + 201. Let g(n) = n - 17. Let q be g(19). Suppose -2*r + 61 = -q*o + o, i = 4*r + 4*o. What is the remainder when r is divided by 11?
8
Let q = -10 + 20. Suppose 2*g - g = q. Calculate the remainder when g is divided by 6.
4
Suppose -c = -5*g + 2, 2*c - 4*g = -2*g + 12. Suppose i - 25 = c. What is the remainder when 121 is divided by i?
22
What is the remainder when 194 is divided by (348/232)/(3/44)?
18
What is the remainder when 119 is divided by (-12)/30*(3 - 30 - 3)?
11
Let o = -131 - -154. What is the remainder when o is divided by 8?
7
Let j(y) = 11*